 4406?
56
What is the remainder when 157534765 is divided by 5967?
5965
Calculate the remainder when 266025 is divided by 134.
35
Calculate the remainder when 91967899 is divided by 167.
164
Calculate the remainder when 2523384 is divided by 958.
12
Calculate the remainder when 10808433 is divided by 245646.
9
Calculate the remainder when 38490098 is divided by 499871.
31
What is the remainder when 51283690 is divided by 3681?
3679
What is the remainder when 946823 is divided by 3276?
59
What is the remainder when 4734914 is divided by 300?
14
What is the remainder when 31810296 is divided by 6947?
6930
What is the remainder when 53870 is divided by 1456?
1454
What is the remainder when 7452 is divided by 2217?
801
Calculate the remainder when 55166630 is divided by 11033304.
110
Calculate the remainder when 484013 is divided by 120.
53
Calculate the remainder when 4420859 is divided by 315770.
79
Calculate the remainder when 8973104 is divided by 422.
118
Calculate the remainder when 139773805 is divided by 10.
5
Calculate the remainder when 27414 is divided by 1015.
9
What is the remainder when 55021753 is divided by 18798?
7
What is the remainder when 289840537 is divided by 28?
21
Calculate the remainder when 2899785 is divided by 127.
121
Calculate the remainder when 2359387 is divided by 1179586.
215
Calculate the remainder when 1649546 is divided by 5955.
11
What is the remainder when 248822 is divided by 7884?
4418
Calculate the remainder when 11432 is divided by 59.
45
Calculate the remainder when 5040190 is divided by 14.
8
Calculate the remainder when 1715934 is divided by 1715885.
49
What is the remainder when 107905 is divided by 999?
13
Calculate the remainder when 88581 is divided by 3622.
1653
What is the remainder when 149586 is divided by 184?
178
What is the remainder when 308435 is divided by 291?
266
What is the remainder when 384090 is divided by 41973?
6333
Calculate the remainder when 1206016 is divided by 241184.
96
What is the remainder when 10336461 is divided by 3270?
3261
Calculate the remainder when 12891517 is divided by 121618.
9
Calculate the remainder when 2604107 is divided by 520710.
557
What is the remainder when 238804228 is divided by 14?
12
What is the remainder when 20767554 is divided by 54082?
66
Calculate the remainder when 24812344 is divided by 170.
164
Calculate the remainder when 217560 is divided by 27093.
816
Calculate the remainder when 27918371 is divided by 15623.
70
What is the remainder when 43482587 is divided by 980?
967
Calculate the remainder when 13011 is divided by 12540.
471
What is the remainder when 598975 is divided by 274?
11
Calculate the remainder when 449422 is divided by 68.
10
What is the remainder when 2293705 is divided by 303?
298
What is the remainder when 8994345 is divided by 67?
64
What is the remainder when 5659982 is divided by 470?
242
What is the remainder when 27892 is divided by 13390?
1112
What is the remainder when 25716826 is divided by 2507?
20
Calculate the remainder when 133492 is divided by 65506.
2480
Calculate the remainder when 13347926 is divided by 23.
14
Calculate the remainder when 92303 is divided by 396.
35
What is the remainder when 9223212 is divided by 834?
6
What is the remainder when 215743 is divided by 372?
355
What is the remainder when 1953709 is divided by 38?
15
Calculate the remainder when 16072935 is divided by 2997.
24
What is the remainder when 154029 is divided by 29851?
4774
Calculate the remainder when 76369 is divided by 1212.
13
What is the remainder when 7889698 is divided by 41092?
34
Calculate the remainder when 161269 is divided by 31901.
1764
Calculate the remainder when 631223136 is divided by 182.
180
What is the remainder when 1254918 is divided by 24?
6
What is the remainder when 7969884 is divided by 16?
12
What is the remainder when 81617 is divided by 13500?
617
What is the remainder when 160922 is divided by 22986?
20
What is the remainder when 94823 is divided by 3670?
3073
What is the remainder when 99164 is divided by 539?
527
What is the remainder when 59936 is divided by 4277?
58
What is the remainder when 4529813 is divided by 2?
1
Calculate the remainder when 9758258 is divided by 5.
3
What is the remainder when 72120 is divided by 1855?
1630
What is the remainder when 282404 is divided by 1961?
20
What is the remainder when 124671779 is divided by 47621?
1
What is the remainder when 184527 is divided by 9220?
127
What is the remainder when 246513 is divided by 17606?
29
Calculate the remainder when 185251491 is divided by 7.
5
What is the remainder when 299546 is divided by 416?
26
What is the remainder when 4202159 is divided by 2050?
1709
What is the remainder when 4668632 is divided by 8927?
8738
Calculate the remainder when 39165 is divided by 529.
19
What is the remainder when 247603 is divided by 7274?
287
Calculate the remainder when 132535 is divided by 41810.
7105
Calculate the remainder when 723065 is divided by 13905.
5
Calculate the remainder when 2487683 is divided by 259.
247
What is the remainder when 1441047 is divided by 2493?
93
What is the remainder when 698553 is divided by 4688?
41
Calculate the remainder when 14186999 is divided by 7093479.
41
Calculate the remainder when 53266465 is divided by 3804747.
7
What is the remainder when 28356318 is divided by 94?
90
What is the remainder when 112888 is divided by 22244?
1668
Calculate the remainder when 256225 is divided by 255849.
376
Calculate the remainder when 125602 is divided by 726.
4
Calculate the remainder when 3059052 is divided by 58.
16
What is the remainder when 2777332 is divided by 3664?
20
Calculate the remainder when 124974 is divided by 904.
222
What is the remainder when 20121595 is divided by 242?
21
Calculate the remainder when 6182634 is divided by 1004.
2
Calculate the remainder when 141400 is divided by 3689.
1218
What is the remainder when 328409 is divided by 2266?
2105
Calculate the remainder when 1871523 is divided by 44.
27
What is the remainder when 106276 is divided by 35366?
178
What is the remainder when 8493180 is divided by 5483?
13
What is the remainder when 99715569 is divided by 99?
96
What is the remainder when 533050 is divided by 26649?
70
Calculate the remainder when 1076884 is divided by 1076839.
45
Calculate the remainder when 3108463 is divided by 335.
333
What is the remainder when 726784 is divided by 400?
384
What is the remainder when 252808 is divided by 3664?
3656
What is the remainder when 514209 is divided by 543?
531
Calculate the remainder when 396149038 is divided by 1743.
1741
What is the remainder when 5961391 is divided by 134?
133
Calculate the remainder when 96092 is divided by 857.
108
Calculate the remainder when 2163489 is divided by 810.
789
Calculate the remainder when 2052433 is divided by 385.
383
What is the remainder when 5869893 is divided by 146747?
13
What is the remainder when 360055 is divided by 378?
199
What is the remainder when 12518701 is divided by 3018?
37
What is the remainder when 55842 is divided by 3716?
102
Calculate the remainder when 27691 is divided by 657.
97
What is the remainder when 1404768 is divided by 5362?
5286
What is the remainder when 66023 is divided by 65590?
433
What is the remainder when 15585128 is divided by 554?
0
Calculate the remainder when 4693866 is divided by 1503.
1500
Calculate the remainder when 158481 is divided by 13203.
45
Calculate the remainder when 236548 is divided by 78833.
49
What is the remainder when 59359893 is divided by 7?
5
Calculate the remainder when 477088 is divided by 4765.
588
What is the remainder when 1031883 is divided by 572?
567
What is the remainder when 68769271 is divided by 3945?
31
What is the remainder when 1006597 is divided by 43764?
25
Calculate the remainder when 14082419 is divided by 938826.
29
Calculate the remainder when 438424719 is divided by 1264.
1263
What is the remainder when 807056 is divided by 32?
16
What is the remainder when 3653909 is divided by 913476?
5
What is the remainder when 2791561 is divided by 558226?
431
Calculate the remainder when 836786 is divided by 30.
26
Calculate the remainder when 182008 is divided by 5201.
5174
What is the remainder when 81904 is di